s the remainder when 2903 is divided by 2376?
527
Calculate the remainder when 15089 is divided by 14.
11
Calculate the remainder when 526920 is divided by 457.
456
Calculate the remainder when 213996 is divided by 71328.
12
Calculate the remainder when 1123822 is divided by 357.
343
What is the remainder when 69151 is divided by 151?
144
What is the remainder when 5213 is divided by 2500?
213
Calculate the remainder when 5766 is divided by 299.
85
What is the remainder when 23715 is divided by 3950?
15
Calculate the remainder when 3777 is divided by 16.
1
Calculate the remainder when 14658 is divided by 47.
41
What is the remainder when 5525 is divided by 161?
51
Calculate the remainder when 12130 is divided by 276.
262
What is the remainder when 7025 is divided by 1750?
25
What is the remainder when 33071 is divided by 256?
47
Calculate the remainder when 10811 is divided by 169.
164
What is the remainder when 1972 is divided by 366?
142
What is the remainder when 26363 is divided by 2395?
18
Calculate the remainder when 11373 is divided by 657.
204
What is the remainder when 2917447 is divided by 925?
922
Calculate the remainder when 6316 is divided by 1026.
160
Calculate the remainder when 2346 is divided by 559.
110
Calculate the remainder when 5227 is divided by 25.
2
Calculate the remainder when 6573 is divided by 6554.
19
What is the remainder when 81808 is divided by 27266?
10
Calculate the remainder when 36049 is divided by 2796.
2497
Calculate the remainder when 7557 is divided by 43.
32
What is the remainder when 2828 is divided by 138?
68
What is the remainder when 484949 is divided by 12123?
29
What is the remainder when 43225 is divided by 188?
173
Calculate the remainder when 450115 is divided by 1210.
1205
Calculate the remainder when 29710 is divided by 44.
10
What is the remainder when 116749 is divided by 173?
147
Calculate the remainder when 337779 is divided by 16.
3
Calculate the remainder when 22046 is divided by 734.
26
What is the remainder when 141090 is divided by 5640?
90
Calculate the remainder when 2076 is divided by 671.
63
What is the remainder when 193332 is divided by 467?
461
What is the remainder when 16066 is divided by 228?
106
What is the remainder when 1522 is divided by 113?
53
Calculate the remainder when 2307399 is divided by 20.
19
What is the remainder when 68116 is divided by 34037?
42
What is the remainder when 752 is divided by 197?
161
Calculate the remainder when 360542 is divided by 337.
289
Calculate the remainder when 52702 is divided by 549.
547
What is the remainder when 17983 is divided by 1798?
3
Calculate the remainder when 21260 is divided by 10621.
18
What is the remainder when 7614 is divided by 26?
22
Calculate the remainder when 6663 is divided by 2216.
15
Calculate the remainder when 4879 is divided by 213.
193
What is the remainder when 2164 is divided by 966?
232
What is the remainder when 184003 is divided by 24?
19
What is the remainder when 1558887 is divided by 67?
65
Calculate the remainder when 23410 is divided by 23084.
326
What is the remainder when 2187508 is divided by 26?
24
What is the remainder when 23798 is divided by 1989?
1919
Calculate the remainder when 15133 is divided by 593.
308
What is the remainder when 132256 is divided by 1594?
1548
What is the remainder when 3103 is divided by 1366?
371
What is the remainder when 49033 is divided by 47?
12
Calculate the remainder when 16975 is divided by 33.
13
Calculate the remainder when 17684 is divided by 8757.
170
What is the remainder when 647518 is divided by 1138?
1134
Calculate the remainder when 17115 is divided by 138.
3
What is the remainder when 5920 is divided by 1474?
24
Calculate the remainder when 779 is divided by 157.
151
What is the remainder when 6707 is divided by 15?
2
Calculate the remainder when 884 is divided by 257.
113
Calculate the remainder when 12703 is divided by 4157.
232
Calculate the remainder when 1131335 is divided by 10.
5
What is the remainder when 58637 is divided by 16?
13
What is the remainder when 5048 is divided by 13?
4
Calculate the remainder when 567077 is divided by 191.
189
Calculate the remainder when 7047 is divided by 7034.
13
Calculate the remainder when 7814 is divided by 1675.
1114
What is the remainder when 2688 is divided by 2663?
25
What is the remainder when 2473 is divided by 250?
223
What is the remainder when 104153 is divided by 205?
13
What is the remainder when 50991 is divided by 495?
6
What is the remainder when 32537 is divided by 107?
9
Calculate the remainder when 564 is divided by 15.
9
Calculate the remainder when 19020 is divided by 9499.
22
What is the remainder when 5281 is divided by 1712?
145
What is the remainder when 48564 is divided by 30?
24
What is the remainder when 190869 is divided by 63612?
33
Calculate the remainder when 143351 is divided by 313.
310
Calculate the remainder when 34486 is divided by 17081.
324
Calculate the remainder when 14309 is divided by 4734.
107
Calculate the remainder when 2087 is divided by 479.
171
What is the remainder when 59472 is divided by 183?
180
What is the remainder when 4367 is divided by 421?
157
What is the remainder when 6816 is divided by 151?
21
Calculate the remainder when 358632 is divided by 43.
12
Calculate the remainder when 2294 is divided by 52.
6
Calculate the remainder when 27467 is divided by 489.
83
Calculate the remainder when 11587 is divided by 5640.
307
What is the remainder when 843 is divided by 181?
119
Calculate the remainder when 18563 is divided by 91.
90
Calculate the remainder when 10983 is divided by 3638.
69
What is the remainder when 108773 is divided by 461?
438
What is the remainder when 12600 is divided by 360?
0
What is the remainder when 13500520 is divided by 218?
216
What is the remainder when 275914 is divided by 275899?
15
Calculate the remainder when 124343 is divided by 1011.
1001
What is the remainder when 4341 is divided by 13?
12
Calculate the remainder when 484791 is divided by 80798.
3
Calculate the remainder when 8265 is divided by 844.
669
Calculate the remainder when 250305 is divided by 83433.
6
What is the remainder when 1408 is divided by 15?
13
Calculate the remainder when 2654 is divided by 2565.
89
What is the remainder when 1241310 is divided by 88?
70
What is the remainder when 70409 is divided by 112?
73
Calculate the remainder when 23330 is divided by 27.
2
What is the remainder when 183121 is divided by 14076?
133
Calculate the remainder when 913 is divided by 209.
77
Calculate the remainder when 44982 is divided by 918.
0
Calculate the remainder when 16909 is divided by 844.
29
Calculate the remainder when 1505 is divided by 317.
237
Calculate the remainder when 5110 is divided by 3140.
1970
Calculate the remainder when 126143 is divided by 25228.
3
Calculate the remainder when 23795 is divided by 52.
31
What is the remainder when 2919235 is divided by 459?
454
Calculate the remainder when 7469 is divided by 1190.
329
Calculate the remainder when 3307 is divided by 3142.
165
Calculate the remainder when 115812 is divided by 158.
156
Calculate the remainder when 7419 is divided by 25.
19
Calculate the remainder when 1973 is divided by 630.
83
Calculate the remainder when 2393 is divided by 168.
41
What is the remainder when 60097 is divided by 154?
37
What is the remainder when 1636 is divided by 820?
816
Calculate the remainder when 93762 is divided by 231.
207
Calculate the remainder when 122115 is divided by 8722.
7
Calculate the remainder when 18828 is divided by 265.
13
Calculate the remainder when 7044 is divided by 196.
184
Calculate the remainder when 432364 is divided by 8.
4
Calculate the remainder when 12063 is divided by 26.
25
What is the remainder when 12165 is divided by 717?
693
What is the remainder when 611 is divided by 293?
25
Calculate the remainder when 232052 is divided by 58006.
28
What is the remainder when 14987 is divided by 1152?
11
Calculate the remainder when 33723 is divided by 1132.
895
What is the remainder when 1701 is divided by 293?
236
Calculate the remainder when 10165 is divided by 46.
45
Calculate the remainder when 54898 is divided by 27440.
18
What is the remainder when 2845 is divided by 1415